 - 10) + 20 - 1).
15
5 - (6 + 4 + -6 + (-4 - 1))
6
What is -10 + (-13 - -28) - 3?
2
Calculate (-11 - (13 + 4)) + (1 - 1 - -3).
-25
What is (22 - 46 - -3) + 38?
17
Calculate 0 + -12 + (6 - 8 - -4) - -5.
-5
Evaluate (-3 - 1) + (-6 - 2).
-12
-277 + 294 - (4 + -2)
15
Evaluate -4 + (6 - (7 - (5 + -8))).
-8
Evaluate (4 - (-5 + 3 + 0)) + (-11 - 6).
-11
Calculate 0 + 1 - ((-20 - -29) + -3).
-5
Evaluate 2 + -40 + (0 - (-2 - 5)) + 5.
-26
Calculate 13 - ((-6 - (-9 + 8)) + 6).
12
Evaluate (-21 - (0 + -7 + 4 + 1)) + 5.
-14
(10 - (-5 - -6)) + -2 + -5
2
6 - (-5 - -4 - -6) - -1 - -1
3
-7 - ((-29 - 1) + (13 - 3))
13
Calculate (17 - 17) + 11 + -30.
-19
0 - (-6 - 7 - -2) - -3
14
What is -232 + 231 + (16 - -2)?
17
2 + (-1 + -7 + 6 - 14) - -2
-12
(2 - (-6 + 12)) + (-11 - -5) + 27
17
-31 + 17 + (-7 - 0 - 5)
-26
Evaluate -34 + (9 - 3) + 8.
-20
24 + -9 - (-8 - -37)
-14
(-22 - 1) + -1 + 14 + -417 + 407
-20
(-45 - (-12 + -44)) + (0 + -2 - -4)
13
What is 3 - (5 + -6) - (-6 + 15) - 0?
-5
Calculate -3 + (-3 - -29) + -38.
-15
What is 6 + -1 + 9 + -7 + -6 + 3?
4
Evaluate -21 + 0 + (1 + -11 - (-9 - 6)).
-16
What is the value of 4 - ((-5 - -3) + -2 + 7 + -5)?
6
What is the value of 208 + -207 + (0 - 8) - (1 - 6)?
-2
What is -40 + 43 + -20 + -1 + (6 - 6)?
-18
Calculate 34 + -26 + -33 + 42.
17
What is -8 - ((-6 - 3) + 7) - (7 + -1)?
-12
Calculate -81 + 66 - (6 - 3 - 6).
-12
(5 + -3 + 0 + 5 - 35) + 2
-26
What is -1 + -3 + (30 - 85 - -47)?
-12
What is -6 - (2 + -4 - 1 - (-9 - -4))?
-8
What is -2 - (4 + 12 + -17)?
-1
What is the value of (3 - 7) + 8 - -5 - 7?
2
(0 + -6 + -1 - -9) + -9
-7
-5 + 2 - (-7 + 3 + -3 + 1)
3
13 - (32 - 72) - 30
23
What is the value of -42 - -16 - -15 - -10?
-1
5 + (-21 - -21) - ((1 - 1) + 0)
5
What is 39 - (8 + -6 + 30)?
7
Evaluate -5 + -38 - (73 + -101).
-15
What is the value of 25 + (11 - 2 - (25 + -20)) + -9?
20
What is 39 - 36 - (-7 + -22 + (-3 - -6))?
29
Calculate (12 - 8) + -9 - -22 - -14.
31
Calculate (-3 - -3 - (2 + 7)) + -16 + 13.
-12
Evaluate -3 + (-3 - (7 - 8)) - 3.
-8
What is the value of (8 - (23 - 13 - 12)) + -13?
-3
Calculate 3 - (-9 - (-2 - (-1 + -13 + 5))).
19
-30 + (31 - 33 - -5)
-27
Calculate (10 - 8) + 6 + (5 - 24) - -3.
-8
Evaluate (-14 - (-6 + -1)) + -7 + 21.
7
Evaluate 1 + (-18 - -13) + -13 - (-8 + 0).
-9
Calculate -60 - -34 - -48 - 40.
-18
1 + -9 + -1 + 2852 + -2835
8
What is the value of 95 + -97 + (-2 - (-6 + -3))?
5
8 + (5 - 21) - (-1 + -7)
0
(-1 + 12 - 1) + (13 - (12 - 3))
14
What is the value of -95 + 99 + 1 + 3?
8
Evaluate 91 + (-15 - 25) - 32.
19
What is 23 + (8 - 4 - (11 + -11))?
27
What is the value of 3 + -16 + (-15 + 8 - -22)?
2
Calculate (-83 - -61) + 10 + 1.
-11
Calculate 6 + (2 - 2 - -4) - (-71 - -55).
26
What is (6 - -1 - (22 - 23)) + -32 + 9?
-15
Calculate (22 + -3 - 15) + 0 + -4.
0
Calculate 21 + (-6 - (13 - 6 - 11)) + -2.
17
Evaluate (-1 - (2 + 1)) + -115 + 114 + 8.
3
Evaluate 29 - (41 + -18 + -18 - 2).
26
-14 + 13 + (-16 - -10) + (-9 - 1)
-17
Calculate -33 - (-28 - -8 - 4) - (14 - 0).
-23
What is the value of -4 - (-2 + -21 + 7) - 1?
11
Evaluate -21 + (-4 + 1 - (24 - 10 - 9)).
-29
Calculate (-14 - -7) + -14 + 2.
-19
Calculate -5 - (-7 - (-7 + (-8 - -9))).
-4
What is -2 - ((-9 - (-8 + 6) - -8) + 5)?
-8
Calculate -18 + 1 + 10 - -14.
7
What is -4 + -25 + 48 + -28?
-9
-86 + 69 - (1 - (1 - -5))
-12
What is the value of 2 + 2 + 0 - (-4 - -6) - 13?
-11
Calculate (33 + 2 - 25) + -19.
-9
Calculate 9 + 10 + -1 + -4.
14
5 - (3 - (2 - 2) - (2 - 7))
-3
Evaluate (-5 - -4 - -6) + (7 + -15 - 5).
-8
9 + -1 + 2 - (-11 + 21 + -12)
12
Evaluate 13 + (14 - 26) + 8.
9
-3 + (10 - -1 - (2 - -4)) - 2
0
Evaluate (-10 - (19 - (-13 - -38))) + (-32 - 0).
-36
What is (-2 - -1 - -3) + (-8 - 2) + 3?
-5
What is -9 + (14 - 7 - 4) + -8?
-14
Evaluate (13 + -13 - -21) + 1.
22
-16 - (10 + -64 - -3 - -6)
29
What is 1 + (-2 - (-8 - 7 - -15))?
-1
What is -6 + -2 + 1 + 4 - (3 + -13)?
7
What is the value of 4 - (8 + -3 - (-1 + -2))?
-4
What is the value of 5 + -16 - (21 - 50)?
18
Calculate 40 + -48 + -6 - (-22 + -2).
10
What is -5 - (-7 + 5 + -2 + 1 + 4)?
-6
What is the value of (-21 - -14) + (17 - -3)?
13
Evaluate -31 - (-43 - (-41 + 16)).
-13
What is the value of -3 - (-9 - 0) - (200 + -170)?
-24
Evaluate -706 + 704 + (1 - 1) + 1.
-1
What is (4 - (0 - 5)) + -8 + 1?
2
What is the value of -5 + 11 + -11 + (2 - 3) + -14?
-20
What is 3 + -14 + -1 + (-13 - 1) + 26?
0
-14 + (-2 - 3 - -3 - (1 + -6))
-11
Evaluate (-5 - -3 - 2 - -7) + 4.
7
Calculate 10 - (61 - (18 - 18 - -17)).
-34
Evaluate 1 + 13 + -36 + (41 - -14).
33
Calculate (9 - (-5 + 4 - 0)) + (150 - 182).
-22
Evaluate (14 - 15 - 9) + 5.
-5
What is the value of (11 - 12) + 27 - (1 + 8 + 0)?
17
What is the value of (-10 - -4) + 20 + (5 - (3 - 2))?
18
What is 2 - 2 - (-4 + 17)?
-13
What is 12 - (-10 + -4 - -11 - 0)?
15
What is (12 - (3 + -2)) + 9 + (1 - 12)?
9
What is -60 + 45 - (6 + -2 - 10) - -28?
19
What is 0 + (3 - 3 - (12 + -6))?
-6
What is -1 + (14 - (4 - (9 + -6))) + -7?
5
What is the value of (-34 - (0 + -8)) + 1 + 0 + 4?
-21
Evaluate -14 + 9 - (-1 - (2 + -2 - -8)).
4
Evaluate 10 - (10 + -7 - 7).
14
What is 4 + -1 - (67 - (86 - 27))?
-5
What is 3 + 1 + -3 + -1 + (-2 - 1)?
-3
Calculate -1 + (5 - 1) + (0 - -6 - -1).
10
What is -1 + 29 - ((18 - -6) + -4 + -12)?
20
Calculate 1 - ((1 - -1) + -1) - (34 + -34).
0
What is 5 + (1162 + -1165 - ((3 - 1) + -1))?
1
What is -32 + -18 + (18 - -24)?
-8
Calculate (1 - (-4 - -4)) + 5 + -2.
4
What is the value of -8 - (16 + 9 + -18)?
-15
Calculate 5 + (-28 - (5 + -2 + -3)) + 4.
-19
Calculate -5 - -2 - (-15 + 13 + 11).
-12
What is the value of 4 + 7 + (-14 - (-9 - -2))?
4
Calculate -20 + 1 - ((50 - 28) + -18).
-23
What is the value of 12 + (1 - (-3 + 12)) + 3?
7
Evaluate (25 - (-17 + 22)) + -11 + -4.
5
What is 3 - (-19 - 2 - (22 + -31 + 21))?
36
Evaluate 6 + -1 - (36 - -4 - 33).
-2
What is 17 - (-12 + 26) - (-3 + 1) - 11?
-6
What is (17 - (25 + -18)) + -5 + 0?
5
-389 + 418 + (-3 - 50)
-24
3 - 14 - (-56 + 45)
0
24 + -27 + (-16 - -12) + -5
-12
Calculate 3 + 2 - (10 + -2 + (5 - -1)).
-9
2 - 2 - 9 - (-35 - (0 - 48))
-22
What is (-3 - (8 + 4 - 9)) + (2 - -18)?
14
Calculate -7 + (-7 + 5 - 3) - (2 + -9).
-5
Calculate (-4 - -14) + -272 + 262.
0
(10 - -2) + -21 + 15 + -12
-6
Calculate (10 - 19) + (5 - 5).
-9
-3 + (-1 + (4 + -10 - -18) - 2)
6
Calculate -14 - (-18 + (19 - 11)).
-4
Evaluate (-44 + 1 - (72 - 83)) + 14.
-18
Evaluate 8 + 96 + -95 + 7 + -2 + 3.
17
Evaluate -9 - (5 + -7 + -6 + 0).
-1
What is the value of 17 - 32 - -6 - (-16 - -8)?
-1
What is (-9 - (-22 - 19)) + (-1 - 9)?
22
Calculate (-8 + 0 + 11 - (11 - 4)) + 10.
6
What is 5 + (1 - (5 + 2)) + 4 + -2?
1
What is 2 + 2 - ((75 - 59) + (0 - -4))?
-16
-1 - (0 - 0 - 6) - (8 - 1)
-2
Evaluate (2 - 6) + 11 - 0 - (-10 - -12).
5
Calculate 9 + 3 + (9 - (6 + (-11 - -12))).
14
What is -18 + (8 - 11 - (1 + -39))?
17
What is the value of (7 - 23) + 15 - -11?
10
Calculate 18 + (-23 + 17 - (3 - -6)).
3
What is the value of -3 + 0 + 2 - (-265 - -273)?
-9
Calculate -1 + (24 - 17) + 15.
21
What is (0 - 2) + (56 - 112 - -57)?
-1
Calculate -2 - 7 - -4 - 27 - 5 - -6.
-31
What is the value of -240 + 224 - (-2 + 1 - (-1 - -7))?
-9
What is the value of -20 - (-19 - (-43 + 38) - (-1 - 6))?
-13
Evaluate (22 + -19 - 1 - -2) + -28 + -1.
-25
4 - (8 - 7) - -8
11
Calculate 20 - (-4 + 9 + (11 - 12)) - -1.
17
-7 + 8 - (15 + -3 - 13)
2
Calculate 1 + (1 - 15 - (120 - 106)).
-27
Calculate -6 + -7 + 9 - -13 - -2.
11
Evaluate 7 - (4 - -3 - (-6 + 5)).
-1
What is the value of -3 - -6 - (-14 - (-3 + -5 - -10))?
19
Evaluate (0 - -1) + -13 + 863 + -862.
-11
Calculate 14 + -6 + (-12 - -9).
5
((-2 - -3) + (-5 - -4) - 5) + 1
-4
What is the value of 6 + -8 + 9 + (-3 - 7) + -18?
-21
Evaluate (-1 - -3) + (-61 - -61) + 7.
9
What is (-2 - -1) + 6 - 2 - -5?
8
What is the value of 6 + (6 - 12) - 4 - (-12 - 0)?
8
Calculate 0 + (-18 - -6) + (3 - 10).
-19
Evaluate 2 + (4 - 3) - (-7 + 0) - 5.
5
Calculate (-1 - (0 + 0)) + -6 - (-4 + 5).
-8
Evaluate -23 - (-50 + 22) - 21.
-16
Evaluate 7 + -3 - (-16 - -15) - (-4 - 13).
22
Evaluate 17 - 26 - (-7 + 23).
-25
Evaluate 16 - ((-19 - -7 - (-3 - 5)) + 5).
15
What is the value of 2 + 8 + (-6 - 1) - -8?
11
What is (0 - -3) + (28 - (31 + -12))?
12
Calculate -3 + (-1 - -6) + (-7 - 4).
-9
What is (4 + -12 - -12) + 7 - 4 - 28?
-21
What is -1